hat are the prime factors of v?
2, 5, 13
Let d = -8188 - -12995. What are the prime factors of d?
11, 19, 23
Suppose -6*q = 155 - 845. Suppose 5*c - 2*u = 369 + 152, 5*u = -c + q. What are the prime factors of c?
3, 5, 7
Let s = -144 - -200. What are the prime factors of (8 - s)/(1 - (-3)/(-1))?
2, 3
Let d(l) be the first derivative of -l**4/2 - 59*l**3/3 + 10*l**2 - 36*l - 9. List the prime factors of d(-30).
2, 3, 11
Let l be (-6)/(-15) + (7374/(-10) - 5). Let o = -171 - l. List the prime factors of o.
571
Let i = 2280 - 1100. Let l = -685 + i. Let b = -298 + l. List the prime factors of b.
197
Let y = 42096 - 21355. What are the prime factors of y?
7, 2963
Suppose -49*t + 54*t + 128045 = 3*f, -5*f + 213475 = 5*t. List the prime factors of f.
2, 3, 5, 1423
Let i = 45896 + -27797. What are the prime factors of i?
3, 2011
Let l(o) = -o + 1. Let d(q) = 13*q + 4. Let j(k) = -d(k) - l(k). Let r be j(-12). Let m = r + 15. List the prime factors of m.
2, 7, 11
Suppose 2947 = n - 5*h, -37*h - 20829 = -7*n - 42*h. List the prime factors of n.
2, 743
Let u(q) = 3*q**2 + 5*q - 130. Let t(g) = g**2 + g. Let v(b) = 4*t(b) - u(b). Let j be v(0). Suppose 50 + j = 4*k. List the prime factors of k.
3, 5
Let s(m) = 196*m + 448. List the prime factors of s(53).
2, 3, 7, 43
Let j be (4/5)/((9 - 4)/75). List the prime factors of 3*(1760/j + -5).
5, 17
Let k = -10015 + 14602. What are the prime factors of k?
3, 11, 139
Suppose -2*v + h - 12 = -0*v, 3*h = v + 6. List the prime factors of (936/65)/(v/(-20)).
2, 3
Suppose 14*n - 12*n + 10*n - 132420 = 0. What are the prime factors of n?
5, 2207
Let o(b) = -100*b + 3. Suppose -5*p - 1 = 4, 5*m - 4*p - 84 = 0. Let n = 15 - m. List the prime factors of o(n).
103
Let c(m) = 10*m**2 - 16*m + 12 - 22*m**2 + m**3 + 0*m + 9. Let p(o) = -o + 1. Let k(t) = c(t) + 4*p(t). What are the prime factors of k(14)?
137
Let u(a) = 21*a - 17. Suppose 40*z - 36*z - 16 = 0. Suppose 4*d - 4 = z*l, 4*l = 3*d + 2*d - 8. What are the prime factors of u(d)?
67
Let q = -20274 + 32539. What are the prime factors of q?
5, 11, 223
Let o(u) = -u + 2. Let a be o(1). Let i be -1 - (a - 4 - (2 + -42)). Let m = i - -64. What are the prime factors of m?
2, 13
Let y(w) = -33*w**2 + 11*w + 9. Let f be y(-9). Let g = 4420 + f. What are the prime factors of g?
1657
Let v(s) = -8*s**3 - 3*s**2 - 3*s - 3. Let x be v(-3). Let f = -76 - -95. Suppose -24*m + f*m = -x. List the prime factors of m.
3, 13
Suppose 5*p = -4*m + 236157, 0*p = 7*p + 4*m - 330631. List the prime factors of p.
47237
Let x = -396 + 509. Let k(g) = -g**3 + 13*g**2 - 16*g - 7. Let b be k(12). Let h = x + b. What are the prime factors of h?
2, 29
Suppose -14*v = -15*v + 6. Let j(m) = -62*m - v*m + 22*m + 4 - 44*m. What are the prime factors of j(-1)?
2, 47
Suppose -12*c = 26*c - 42522. List the prime factors of c.
3, 373
Let c = 16961 + -9057. Suppose -d + c = 18*d. List the prime factors of d.
2, 13
Suppose -14091 = 11*m - 18*m. Let s = m - 836. List the prime factors of s.
11, 107
Suppose 3*i = -3*i + 54. Let d be (-42)/70 - (-1266)/10. List the prime factors of 1/i + 5404/d.
43
Suppose -24053 + 147265 = 4*h + 4*p, -2*p - 123236 = -4*h. List the prime factors of h.
3, 7, 163
Let s = -11016 + 16791. Suppose -12*w + s = 3*w. What are the prime factors of w?
5, 7, 11
Let z be (-1173)/(-9) - ((-42)/9 - -4). Suppose z*x - 850 = 129*x. List the prime factors of x.
5, 17
What are the prime factors of 299691878/4182 - 3*4/(-18)?
71663
Let r(g) = g**3 - 8*g**2 + 23*g - 89. Let z(j) = j**3 - j**2 - j + 7. Let c be z(2). List the prime factors of r(c).
199
List the prime factors of 3/(-7) + 3990/49 - (-35)/(-7).
2, 19
Let q be -1 + (-20)/(-14) + 98775/315. Let n = -110 + q. Suppose 5*l + n = 8*l. List the prime factors of l.
2, 17
Suppose 5*u - 12*u + 7063 = 0. Let s = u - 328. List the prime factors of s.
3, 227
Suppose 0 = 5*d - 3*q - 104585, 5*d + 5*q - 90 = 104455. List the prime factors of d.
2, 10457
Let a(y) = -173*y + 10*y**2 - 11 - 3*y**3 + 157*y + 2*y**3. List the prime factors of a(-7).
2, 467
Suppose 4*a - 13759 = 96197. Suppose 0 = 2*b + 19*b - a. List the prime factors of b.
7, 11, 17
Let d(i) = 2*i**3 + 60*i**2 - 927*i - 85. List the prime factors of d(26).
3, 5, 229
Let r(j) = -2143*j - 9177. List the prime factors of r(-18).
3, 41, 239
Let c(h) = -h**3 + h + 1. Let f(a) = 3*a**3 - 5*a + 5. Let g(t) = 4*c(t) + f(t). What are the prime factors of g(-6)?
3, 7, 11
Let g(k) = 10*k**2 - 51*k - 547. What are the prime factors of g(-49)?
2, 3, 4327
Let g = -8716 - -11762. List the prime factors of g.
2, 1523
Suppose 559*c - 565*c = -10476. Suppose -c = -9*j + 540. List the prime factors of j.
2, 127
Let j = -19 - -44. Suppose -4 = 24*t - j*t. Suppose -t*p + 611 = -0*s + 3*s, -p - s = -154. What are the prime factors of p?
149
Suppose -4*r - 34 = -5*f, 19 + 1 = 4*f + 4*r. List the prime factors of ((-110)/77 + f/14)*-481.
13, 37
Suppose -3392 + 8917 = 17*s. Let x = -99 + s. List the prime factors of x.
2, 113
Let i(j) = 7869*j - 16. What are the prime factors of i(1)?
7853
Let l(y) = -2*y**2 - 102*y + 30. What are the prime factors of l(-26)?
2, 5, 7, 19
Let w = 1329 + -1332. Let p(m) = -m**3 - 5*m**2 + 3*m**2 + 4*m**2. What are the prime factors of p(w)?
3, 5
Let z = 40950 + -1754. What are the prime factors of z?
2, 41, 239
Let p(r) be the first derivative of 21*r**3 + 34*r**2 + 11*r + 187. List the prime factors of p(-4).
3, 83
Let c = 3249 + 2316. What are the prime factors of c?
3, 5, 7, 53
Let r = -1343 - -5223. Suppose 3*l = -7*l + r. What are the prime factors of l?
2, 97
What are the prime factors of ((-104)/91)/(28/(-201782))?
2, 29, 71
Suppose -5*j + 3*l = -22, -5*j - 6 = 2*l - 33. Suppose -3*o + 5*b = 51, 0 = 4*o - j*b - 0*b + 63. What are the prime factors of (6/4)/(o/(-224))?
2, 7
Let d be (-11 + -3)/(-4 - -3). Suppose 0 = d*l - 20*l + 4050. List the prime factors of l.
3, 5
Let h(y) = -31*y - 5. Let s be h(-16). Suppose -11*g + s + 158 = 0. Suppose -2*r + g = -77. List the prime factors of r.
2, 17
Suppose 5*o + 6 = 21. Let h(w) = o*w**3 - 3 + 23 + 3*w**2 - 12. List the prime factors of h(4).
2, 31
Suppose 6*x - 16*x = -40. Suppose 0 = -x*a + 4*w + 412, -4*a + 11 = 5*w - 437. Suppose -o = -5*c - 3 - a, 4 = -c. What are the prime factors of o?
2, 3, 5
Suppose r = -5*v + 4, -4*r + 5 - 4 = 5*v. What are the prime factors of (r - -23)/(4*(-4)/(-1048))?
11, 131
Let l be (-3810)/(-20)*8/6. Suppose -5*d + l = 4*p - 62, -3*d - 237 = -3*p. What are the prime factors of p?
79
Let k be ((90/12)/5)/((-6)/(-8)). Suppose 0 = o - k*f - 274, -3*o + 215 = f - 635. List the prime factors of o.
2, 3, 47
Suppose -2*i = -5*p - 6*i + 44, -34 = -4*p - 2*i. Suppose 0 = 3*x + x + p, -1434 = -2*z - 2*x. What are the prime factors of z?
719
Let f be -5 - (-2412)/(7 + -1). Suppose -f - 9825 = -19*d. What are the prime factors of d?
2, 269
Let u(l) = -2*l**2 - 21*l + 10. Let v be u(-11). Let x be (v - 14/(-10)) + (-16)/(-10). List the prime factors of 1/x - (1 + 44/(-8)).
5
What are the prime factors of (64/(-10))/(-4 + 1783/595 - -1)?
2, 7, 17
Suppose 3*q - 3*n = -639, 4*q + 11*n = 16*n - 855. Let w = 508 + q. What are the prime factors of w?
2, 149
Let n(w) = 24*w + 3. Let h(f) = -23*f - 8. Let r(q) = 5*h(q) + 6*n(q). List the prime factors of r(18).
2, 5
Let z = -16 - -29. Let s(u) = -u**2 - 34*u + 38. Let x be s(-28). Suppose z*j + x = 15*j. What are the prime factors of j?
103
Suppose 1294*f - 1261*f - 451973 = 6661. What are the prime factors of f?
2, 6949
Suppose 0 = -153*t + 46*t + 715402. List the prime factors of t.
2, 3343
Suppose 0 = 2*u - 5*l - 79916, 5*u - 347*l + 351*l - 199823 = 0. What are the prime factors of u?
3, 7, 11, 173
Let i be 10/((-6762)/(-847) - 8). Let d = -317 - i. List the prime factors of d.
2, 3
Let d(v) = v**3 + 58*v**2 + 25*v + 256. List the prime factors of d(-23).
2, 4549
Suppose -41*m + 81*m = -574*m + 18894008. List the prime factors of m.
2, 7, 157
Suppose 10*k - 23 = 17. Suppose 2 = g + 5*t + 14, -32 = -2*g + k*t. Suppose n - g*n + 833 = 0. What are the prime factors of n?
7, 17
Suppose 70*c - 22218 = 177492. List the prime factors of c.
3, 317
Let y = 34 - 28. Suppose 5*c = 3*i - 2392, -5*i = -y*i - 2*c + 801. What are the prime factors of i?
17, 47
Let j = -